{"id":44,"date":"2020-12-23T11:38:30","date_gmt":"2020-12-23T10:38:30","guid":{"rendered":"https:\/\/jourjeditions.com\/?page_id=44"},"modified":"2025-07-04T19:59:24","modified_gmt":"2025-07-04T17:59:24","slug":"accueil","status":"publish","type":"page","link":"https:\/\/jourjeditions.com\/","title":{"rendered":"Accueil"},"content":{"rendered":"\n<p><\/p>\n\n\n\n<div class=\"wp-block-image coblocks-animate\" data-coblocks-animation=\"zoomIn\"><figure class=\"aligncenter size-full is-resized\"><a href=\"https:\/\/jourjeditions.com\/wp-content\/uploads\/2021\/01\/cropped-Logo-JJE-Trans-3.jpg\" target=\"_blank\" rel=\"noopener\"><img loading=\"lazy\" src=\"https:\/\/jourjeditions.com\/wp-content\/uploads\/2021\/04\/cropped-Logo-JJE-Trans-3-edited.jpg\" alt=\"\" class=\"wp-image-773\" width=\"244\" height=\"244\" srcset=\"https:\/\/jourjeditions.com\/wp-content\/uploads\/2021\/04\/cropped-Logo-JJE-Trans-3-edited.jpg 244w, https:\/\/jourjeditions.com\/wp-content\/uploads\/2021\/04\/cropped-Logo-JJE-Trans-3-edited-150x150.jpg 150w, https:\/\/jourjeditions.com\/wp-content\/uploads\/2021\/04\/cropped-Logo-JJE-Trans-3-edited-100x100.jpg 100w\" sizes=\"(max-width: 244px) 100vw, 244px\" \/><\/a><\/figure><\/div>\n\n\n\n<p><\/p>\n\n\n\n<p class=\"has-drop-cap has-medium-font-size\">Cr\u00e9\u00e9e en 2020 par <a href=\"https:\/\/jourjeditions.com\/index.php\/2021\/01\/09\/397\/\" data-type=\"post\" data-id=\"397\">G\u00e9rard Jumel,<\/a> la soci\u00e9t\u00e9 Jour J. \u00c9ditions est issue d&#8217;une structure de productions de films d&#8217;auteur, fictions et documentaires :<\/p>\n\n\n\n<div class=\"wp-block-image coblocks-animate\" data-coblocks-animation=\"zoomIn\"><figure class=\"aligncenter size-full is-resized\"><a href=\"http:\/\/www.jourjproductions.com\/\"><img loading=\"lazy\" src=\"https:\/\/jourjeditions.com\/wp-content\/uploads\/2021\/01\/Logo-JJP-site-17.jpg\" alt=\"\" class=\"wp-image-210\" width=\"500\" height=\"238\" srcset=\"https:\/\/jourjeditions.com\/wp-content\/uploads\/2021\/01\/Logo-JJP-site-17.jpg 1000w, https:\/\/jourjeditions.com\/wp-content\/uploads\/2021\/01\/Logo-JJP-site-17-300x143.jpg 300w, https:\/\/jourjeditions.com\/wp-content\/uploads\/2021\/01\/Logo-JJP-site-17-768x366.jpg 768w\" sizes=\"(max-width: 500px) 100vw, 500px\" \/><\/a><\/figure><\/div>\n\n\n\n<p class=\"has-text-align-center has-white-color has-text-color has-background has-medium-font-size\" style=\"background-color:#1c4f71\">\u00c9diteur tr\u00e8s ind\u00e9pendant, nous publions des livres au gr\u00e9 de nos rencontres, de nos promenades et de nos humeurs.<br>En un mot, nous \u00e9ditons des livres qui nous plaisent et que nous souhaitons partager.<\/p>\n\n\n\n<p class=\"has-drop-cap has-text-align-left has-luminous-vivid-orange-color has-text-color has-custom-weight has-custom-transform has-custom-lineheight has-custom-letterspacing mb-0 pb-0 mt-0 pt-0\" style=\"font-size:36px;line-height:1;letter-spacing:2.1px;font-weight:normal;text-transform:uppercase\"><span style=\"color: #ff6600;\"><span class=\"has-inline-color has-luminous-vivid-orange-color\"><em>Actualit\u00e9s<\/em><\/span><\/span><\/p>\n\n\n\n<div class=\"wp-block-image\"><figure class=\"aligncenter size-large is-resized\"><a href=\"https:\/\/jourjeditions.com\/index.php\/2025\/07\/04\/miss-tinguette\/\"><img loading=\"lazy\" src=\"https:\/\/jourjeditions.com\/wp-content\/uploads\/2025\/07\/Miss-Tinguette-introsite-couv.jpg\" alt=\"\" class=\"wp-image-1780\" width=\"674\" height=\"455\" srcset=\"https:\/\/jourjeditions.com\/wp-content\/uploads\/2025\/07\/Miss-Tinguette-introsite-couv.jpg 740w, https:\/\/jourjeditions.com\/wp-content\/uploads\/2025\/07\/Miss-Tinguette-introsite-couv-300x203.jpg 300w\" sizes=\"(max-width: 674px) 100vw, 674px\" \/><\/a><\/figure><\/div>\n\n\n\n<p class=\"has-text-align-center has-white-color has-black-background-color has-text-color has-background has-normal-font-size\" style=\"line-height:2.1\">Sortie juillet 2025<\/p>\n\n\n\n<p class=\"has-text-align-center has-black-color has-text-color has-background\" style=\"background-color:#ea8f4d;font-size:24px\"><strong>Et toujours<\/strong><\/p>\n\n\n\n<div class=\"wp-block-image\"><figure class=\"aligncenter size-large is-resized\"><a href=\"https:\/\/jourjeditions.com\/index.php\/2024\/11\/25\/making-of\/\"><img loading=\"lazy\" src=\"https:\/\/jourjeditions.com\/wp-content\/uploads\/2024\/11\/COUV-Making-of-6-80-RECTO-655x1024.jpg\" alt=\"\" class=\"wp-image-1661\" width=\"328\" height=\"512\" srcset=\"https:\/\/jourjeditions.com\/wp-content\/uploads\/2024\/11\/COUV-Making-of-6-80-RECTO-655x1024.jpg 655w, https:\/\/jourjeditions.com\/wp-content\/uploads\/2024\/11\/COUV-Making-of-6-80-RECTO-192x300.jpg 192w, https:\/\/jourjeditions.com\/wp-content\/uploads\/2024\/11\/COUV-Making-of-6-80-RECTO-768x1200.jpg 768w, https:\/\/jourjeditions.com\/wp-content\/uploads\/2024\/11\/COUV-Making-of-6-80-RECTO-983x1536.jpg 983w, https:\/\/jourjeditions.com\/wp-content\/uploads\/2024\/11\/COUV-Making-of-6-80-RECTO-1311x2048.jpg 1311w, https:\/\/jourjeditions.com\/wp-content\/uploads\/2024\/11\/COUV-Making-of-6-80-RECTO-scaled.jpg 1639w\" sizes=\"(max-width: 328px) 100vw, 328px\" \/><\/a><figcaption>Couverture MAKING OF de G\u00e9rard Jumel<\/figcaption><\/figure><\/div>\n\n\n\n<h1 class=\"has-text-align-center has-luminous-vivid-orange-color has-text-color has-huge-font-size\"><span class=\"has-inline-color has-luminous-vivid-orange-color\">*<\/span><\/h1>\n\n\n\n<div class=\"wp-block-image\"><figure class=\"aligncenter size-large is-resized\"><a href=\"https:\/\/jourjeditions.com\/index.php\/2022\/11\/23\/coups-de-lune\/\"><img loading=\"lazy\" src=\"https:\/\/jourjeditions.com\/wp-content\/uploads\/2022\/12\/Couv-Coups-de-lune-recto-662x1024.jpg\" alt=\"\" class=\"wp-image-1059\" width=\"331\" height=\"512\" srcset=\"https:\/\/jourjeditions.com\/wp-content\/uploads\/2022\/12\/Couv-Coups-de-lune-recto-662x1024.jpg 662w, https:\/\/jourjeditions.com\/wp-content\/uploads\/2022\/12\/Couv-Coups-de-lune-recto-194x300.jpg 194w, https:\/\/jourjeditions.com\/wp-content\/uploads\/2022\/12\/Couv-Coups-de-lune-recto-768x1188.jpg 768w, https:\/\/jourjeditions.com\/wp-content\/uploads\/2022\/12\/Couv-Coups-de-lune-recto-993x1536.jpg 993w, https:\/\/jourjeditions.com\/wp-content\/uploads\/2022\/12\/Couv-Coups-de-lune-recto-1324x2048.jpg 1324w, https:\/\/jourjeditions.com\/wp-content\/uploads\/2022\/12\/Couv-Coups-de-lune-recto-scaled.jpg 1655w\" sizes=\"(max-width: 331px) 100vw, 331px\" \/><\/a><\/figure><\/div>\n\n\n\n<p class=\"has-text-align-center has-white-color has-black-background-color has-text-color has-background has-normal-font-size\" style=\"line-height:2.1\">Nouvelles<\/p>\n\n\n\n<p><\/p>\n\n\n\n<div class=\"wp-block-image\"><figure class=\"aligncenter size-large is-resized\"><a href=\"https:\/\/jourjeditions.com\/index.php\/2021\/01\/20\/mon-arbre\/\"><img loading=\"lazy\" src=\"https:\/\/jourjeditions.com\/wp-content\/uploads\/2021\/01\/Couv-ARBRE-Comp-1024x635.jpg\" alt=\"\" class=\"wp-image-832\" width=\"512\" height=\"318\" srcset=\"https:\/\/jourjeditions.com\/wp-content\/uploads\/2021\/01\/Couv-ARBRE-Comp-1024x635.jpg 1024w, https:\/\/jourjeditions.com\/wp-content\/uploads\/2021\/01\/Couv-ARBRE-Comp-300x186.jpg 300w, https:\/\/jourjeditions.com\/wp-content\/uploads\/2021\/01\/Couv-ARBRE-Comp-768x476.jpg 768w, https:\/\/jourjeditions.com\/wp-content\/uploads\/2021\/01\/Couv-ARBRE-Comp-1536x952.jpg 1536w, https:\/\/jourjeditions.com\/wp-content\/uploads\/2021\/01\/Couv-ARBRE-Comp-2048x1270.jpg 2048w\" sizes=\"(max-width: 512px) 100vw, 512px\" \/><\/a><\/figure><\/div>\n\n\n\n<p class=\"has-text-align-center has-white-color has-black-background-color has-text-color has-background has-normal-font-size\" style=\"line-height:2.1\">Livre de peinture et po\u00e9sie<\/p>\n\n\n\n<h1 class=\"has-text-align-center has-luminous-vivid-orange-color has-text-color has-huge-font-size\"><span class=\"has-inline-color has-luminous-vivid-orange-color\">*<\/span><\/h1>\n\n\n\n<p class=\"has-text-align-center\" style=\"font-size:26px\"><a href=\"https:\/\/jourjeditions.com\/index.php\/category\/nos-livres\/\"><span style=\"color: #ff6600;\">Voir nos publications<\/span><\/a><\/p>\n\n\n\n<p class=\"has-text-align-center has-luminous-vivid-orange-color has-text-color\" style=\"font-size:26px\"><span style=\"color: #ff6600;\"><a href=\"https:\/\/jourjeditions.com\/index.php\/presse\/\" data-type=\"page\" data-id=\"881\"><span class=\"has-inline-color has-luminous-vivid-orange-color\">Presse<\/span><\/a><\/span><\/p>\n\n\n\n<div class=\"wp-block-image is-style-default has-filter-vintage\"><figure class=\"aligncenter size-large\"><a href=\"https:\/\/jourjeditions.com\/wp-content\/uploads\/2021\/01\/Bandeau-JJE-1-1-scaled.jpg\"><img loading=\"lazy\" width=\"1024\" height=\"253\" src=\"https:\/\/jourjeditions.com\/wp-content\/uploads\/2021\/01\/Bandeau-JJE-1-1-1024x253.jpg\" alt=\"\" class=\"wp-image-212\" srcset=\"https:\/\/jourjeditions.com\/wp-content\/uploads\/2021\/01\/Bandeau-JJE-1-1-1024x253.jpg 1024w, https:\/\/jourjeditions.com\/wp-content\/uploads\/2021\/01\/Bandeau-JJE-1-1-300x74.jpg 300w, https:\/\/jourjeditions.com\/wp-content\/uploads\/2021\/01\/Bandeau-JJE-1-1-768x190.jpg 768w, https:\/\/jourjeditions.com\/wp-content\/uploads\/2021\/01\/Bandeau-JJE-1-1-1536x379.jpg 1536w, https:\/\/jourjeditions.com\/wp-content\/uploads\/2021\/01\/Bandeau-JJE-1-1-2048x505.jpg 2048w\" sizes=\"(max-width: 706px) 89vw, (max-width: 767px) 82vw, 740px\" \/><\/a><\/figure><\/div>\n\n\n\n<hr class=\"wp-block-separator\"\/>\n\n\n\n<p class=\"has-white-color has-text-color has-background has-medium-font-size\" style=\"background-color:#1c4f71\"><\/p>\n\n\n\n<p><\/p>\n","protected":false},"excerpt":{"rendered":"<p>Cr\u00e9\u00e9e en 2020 par G\u00e9rard Jumel, la soci\u00e9t\u00e9 Jour J. \u00c9ditions est issue d&#8217;une structure de productions de films d&#8217;auteur, fictions et documentaires : \u00c9diteur tr\u00e8s ind\u00e9pendant, nous publions des livres au gr\u00e9 de nos rencontres, de nos promenades et de nos humeurs.En un mot, nous \u00e9ditons des livres qui nous plaisent et que nous &hellip; <\/p>\n<p class=\"link-more\"><a href=\"https:\/\/jourjeditions.com\/\" class=\"more-link\">Continuer la lecture<span class=\"screen-reader-text\"> de &laquo;&nbsp;Accueil&nbsp;&raquo;<\/span><\/a><\/p>\n","protected":false},"author":1,"featured_media":0,"parent":0,"menu_order":0,"comment_status":"closed","ping_status":"closed","template":"","meta":{"_coblocks_attr":"","_coblocks_dimensions":"","_coblocks_responsive_height":"","_coblocks_accordion_ie_support":""},"_links":{"self":[{"href":"https:\/\/jourjeditions.com\/index.php\/wp-json\/wp\/v2\/pages\/44"}],"collection":[{"href":"https:\/\/jourjeditions.com\/index.php\/wp-json\/wp\/v2\/pages"}],"about":[{"href":"https:\/\/jourjeditions.com\/index.php\/wp-json\/wp\/v2\/types\/page"}],"author":[{"embeddable":true,"href":"https:\/\/jourjeditions.com\/index.php\/wp-json\/wp\/v2\/users\/1"}],"replies":[{"embeddable":true,"href":"https:\/\/jourjeditions.com\/index.php\/wp-json\/wp\/v2\/comments?post=44"}],"version-history":[{"count":198,"href":"https:\/\/jourjeditions.com\/index.php\/wp-json\/wp\/v2\/pages\/44\/revisions"}],"predecessor-version":[{"id":1788,"href":"https:\/\/jourjeditions.com\/index.php\/wp-json\/wp\/v2\/pages\/44\/revisions\/1788"}],"wp:attachment":[{"href":"https:\/\/jourjeditions.com\/index.php\/wp-json\/wp\/v2\/media?parent=44"}],"curies":[{"name":"wp","href":"https:\/\/api.w.org\/{rel}","templated":true}]}}